= t*l(i) - 6*b(i). Calculate d(-5).
3
Let j = 101 + -95. Let n(v) = -v + 7. Calculate n(j).
1
Let k(g) = 2. Let f(v) = -v - 2. Let z(l) = 6*f(l) + 5*k(l). Calculate z(-2).
10
Let s(r) be the first derivative of r**4/4 - r**3/3 + r + 5. Let w be (2/3)/(8/12). Give s(w).
1
Let k(y) be the second derivative of -y**5/20 - y**4/4 - y**3/2 - 3*y**2/2 + 2*y. Let q be 1/(0 - -1)*3. Suppose -5*z - 37 + 7 = -q*c, 0 = -4*c + 20. Give k(z).
6
Let t(i) = -i**3 + 3 + i + 1 - 5 - 3*i**2. Let g = -1 - 2. Give t(g).
-4
Suppose -8 = -104*s + 102*s. Let a(c) = c**3 - 6*c**2 + 5*c + 4. Give a(s).
-8
Suppose -2*j - 1 = -y - 0, -4*j + 3 = -y. Let d(c) = -y*c + 2*c + c. Let m = -11 - -8. What is d(m)?
6
Let h(g) = 5*g - 1. Suppose -4*b - q = q - 22, 0 = -2*b + 2*q + 8. Suppose 0*s = j - 2*s - 8, j - b*s - 17 = 0. Suppose 0 = j*l + 2 - 0. Give h(l).
-6
Let f(n) be the third derivative of -n**4/24 - 15*n**2 - 1. Let g = 2 + -1. Calculate f(g).
-1
Let d(o) = o**3 + 4*o**2 - 5*o + 1. Let p be d(-5). Let b(r) = r**3 + r**2 - 2*r + 1. Give b(p).
1
Let q(a) be the first derivative of 7 - a + 1/2*a**2 - 1/3*a**3. Let s = 4 + -3. Determine q(s).
-1
Let p be 66/15 + 6/10. Let n be 9/2*(-8)/(-12). Let b(u) = 3 + n + u - 1. What is b(p)?
10
Let u(j) = j**2 + 4*j - 8. Let q(w) = 3*w - 12. Let h be q(2). What is u(h)?
4
Let b(l) = 6 + 3 + 0 + l**2 + 0*l**2. What is b(0)?
9
Let v(n) = -n**3 - n**2 + 2*n + 1. Let z = -3 - -1. Let q be v(z). Let p(r) = 7*r. Determine p(q).
7
Let g(b) be the second derivative of b**5/20 + 7*b**4/12 + 5*b**3/6 - 3*b**2 - 8*b. What is g(-6)?
0
Let v be 2*(-2)/(-4)*3. Let u(y) = -6*y**2 + 2*y + 11. Let l(m) = -5*m**2 + m + 10. Let k(i) = -7*l(i) + 6*u(i). What is k(v)?
2
Let a(u) = 7*u**2 - 4*u + 4. Let v be a(1). Let g(h) = h - 6. Determine g(v).
1
Let i be (18/15)/(2/10). Let u(v) = -2*v + 6. Calculate u(i).
-6
Let p = 16 - 18. Let z(k) = -3*k**2 - k - 2. Give z(p).
-12
Let k(g) = -g**2 + 2. Suppose -31*l = -13*l + 36. Determine k(l).
-2
Let x(l) = -l**2 + 3. Let i(m) = m**2 - 5*m + 3. Let s be i(2). Determine x(s).
-6
Let r(z) be the first derivative of z**4/4 + 2*z**3/3 - z**2 - z - 13. Calculate r(-2).
3
Let k(t) = t - 3. Let a = -37 + 37. Determine k(a).
-3
Let s(i) = 2*i + 10. Let n = 12 - 12. Suppose 3*v + 2*v + 35 = n. What is s(v)?
-4
Let r(c) = c**2 - 5*c + 7. Let o = -100 - -105. What is r(o)?
7
Let u(a) = a**3 - 2*a**2 + 2*a + 1. Let h(g) = 6*g**3 - 10*g**2 + 10*g + 5. Suppose -8*l = -3*l + 10. Let v(j) = l*h(j) + 11*u(j). Give v(-2).
-3
Let c(a) = a**3 - 10*a**2 + 9*a + 4. Suppose -t + 5*j + 34 = 0, -4*t + 8*j - 3*j + 61 = 0. Calculate c(t).
4
Let x(b) = 1 - b**2 + 4*b**2 - 2*b + 0*b**2 + b**3. Let k(q) = -q**2 - q - 1. Let h(w) = 2*w + 2. Let t be h(-2). Let d be k(t). What is x(d)?
7
Let x(o) = o**3 - 4*o**2 - o + 2. Suppose -3*w + w - 6 = 0. Let k be w + 2 - (-15)/3. Calculate x(k).
-2
Let c = -4 + 2. Let f(y) = -y**2 - 2*y + 1. Let n be f(c). Let j(z) be the first derivative of -z**4/4 + 2*z**3/3 - z - 1. Give j(n).
0
Let i = 18 - 14. Suppose 5*j - 2*t - 35 = 3*t, 5*t = j - 19. Let k(u) = -u**2 + 4*u - 3 + 2*u**3 - j*u**2 - u**3. What is k(i)?
-3
Let s(v) = 10*v + 3. Let k(l) = 5*l + 1. Let b(c) = -5*k(c) + 2*s(c). What is b(-1)?
6
Let p be (-1)/3 - 23/3. Let t be (-3)/12 + (-10)/p. Let c(j) = -8*j - t + 9*j - 1 - j**2. What is c(2)?
-4
Let u(w) = 5*w**3 + w**2 + w - 1. Suppose 3*b - 1 = 8. Suppose -5*o + 23 = t, -3*o = -6*o + 3*t + b. Let z be (o/(-4))/(1*-1). What is u(z)?
6
Let y = -50 - -55. Let s(k) = k**2 - 7*k + 6. Calculate s(y).
-4
Let j(g) be the first derivative of g**4/4 - 2*g**3/3 - 3*g**2/2 - g + 11. Suppose -2*s - 2*s - 8 = 0. Let i be s*(-2)/4*3. Give j(i).
-1
Let v = 4 - 2. Let m(b) = 1 + 3*b - b - b. Calculate m(v).
3
Let k = -5 - -10. Let c(q) = -2*q - 3*q + 4 - q + 4*q. What is c(k)?
-6
Let a(u) = -u**3 + 5*u**2 + u - 5. Let l = 11 + -7. Suppose l*x + 46 = 5*n, 6*x + 17 = 2*n + 3*x. Suppose 0 = -2*d + 4*d - n. What is a(d)?
0
Suppose 0 = j - 3 - 0. Let i(g) = g**3 - 3*g**2 - g - 4. Give i(j).
-7
Let q be (9 - 4)*2/(-5). Let h(f) = f**2 - f - 1. Give h(q).
5
Let o(x) be the third derivative of 0*x + 1/24*x**4 + 1/60*x**5 + 0 + 1/40*x**6 + 6*x**2 + 1/6*x**3. Give o(-1).
-2
Let y = -6 + 8. Let r be (-1)/(2*1/(-4)). Let q(j) = -r - j**y + 6*j - j**2 + j**2. Determine q(5).
3
Let d(x) = x**2 + 5*x - 2. Let t(w) = w**3 + 5*w**2 - 1. Let i be t(-4). Suppose i + 0 = -3*u. Calculate d(u).
-2
Let h be ((-8)/(-7))/((-2)/(-7)). Let j(b) be the second derivative of -1/6*b**3 + 1/4*b**h + 0 + 0*b**2 - 4*b. Calculate j(-1).
4
Let t be (3/(-2))/((-1)/4). Let m(j) = -j + 4. Let d be m(t). Let u = 7 + d. Let v(x) = x - 2. Give v(u).
3
Let w be -1 + 0 + 4*1. Suppose -2*k - 2*f + 0*f = 0, -w*f = 15. Let j(q) = 5 - q**2 - 6*q + q + 3*q + 5*q. What is j(k)?
-5
Let q(k) = k - 2*k**3 + k**3 + 7*k**2 - 2 + 0*k**3 - 3*k**2 + 5*k. Let j be (-32)/(-12) - 2/(-6). Let m be (2/j)/(2/15). Calculate q(m).
3
Let x(u) = u**2 - 5*u. Let n(m) = -3*m**3 + 12*m**2 - 9*m - 5. Let y(t) = -t**3 + t**2. Let k(v) = -n(v) + 4*y(v). Let g be k(-9). Determine x(g).
0
Let h(d) be the third derivative of -d**6/120 + 2*d**5/15 - 7*d**4/24 - d**3/6 - 44*d**2. Determine h(7).
-1
Let m(x) = -5*x. Let z(g) = -g. Let t(n) = -m(n) + 2*z(n). Let j(f) = -f**3 + 5*f**2 + 6*f + 1. Let h be j(6). Give t(h).
3
Suppose b = -2*k + 3*b - 8, -b = -5*k - 36. Let i(s) = s + 6. Calculate i(k).
-2
Let j(t) = t**2 + 3*t - 10. Let b be j(-8). Let n be -1 + (b/(-3))/(-2). Let g(i) = i**2 - 3*i - 4. Determine g(n).
0
Let f(j) = j**3 + 3*j**2 - 2*j - 3. Let d(c) = -c**2. Let h(g) = -2*d(g) + f(g). Suppose 5*t = 9*t + 20. Let k = t - 0. What is h(k)?
7
Let t(o) = -o**2 + 14*o - 25. Let n be t(12). Let r(y) = -2*y**2 - y. What is r(n)?
-1
Let w(z) = z**3 - 5*z**2 + 2*z - 1. Suppose 4*i + 7 - 15 = 0. Determine w(i).
-9
Let x(b) = b**2 + 7*b + 8. Let g(k) = k**2 + 5*k. Let a be g(-2). Give x(a).
2
Suppose -2*i = -8, 5*z + 0*i + 37 = 3*i. Let n(m) be the second derivative of 1/6*m**3 + 5/2*m**2 + 0 + 2*m. Calculate n(z).
0
Let r be ((-2)/6)/(1/(-15)). Suppose m - 6*m + q + 6 = 0, -r*q - 5 = 0. Let d(h) = -h - 1 - 2*h**3 + 4*h - 2*h + 3*h**3. Give d(m).
1
Let m be 1/(-1 + 6/5). Let r(a) = 3*a - 12. Let t be r(m). Let d(u) = -u**3 + 4*u**2 - 4*u + 3. Calculate d(t).
0
Let y = -1 - -4. Suppose y*q - 7*q = -8. Suppose -7*m = -q*m + 25. Let d(a) = a**3 + 6*a**2 + 4*a + 3. Give d(m).
8
Let v = 3 + 0. Let t(i) = -5*i**2 - i**v - i**3 + i - 1 + i**3. Let r = -12 + 7. Give t(r).
-6
Let d(b) be the third derivative of 0 - 2*b**2 - 1/6*b**3 + 0*b - 1/24*b**4. Let h be (-2 + 42/30)*-5. Determine d(h).
-4
Let p(b) = -b**2 + 3*b + 1. Let n be p(4). Let y(z) = -z + 3. Calculate y(n).
6
Suppose 3*x + x - 8 = 0. Suppose x*w = w. Let y(b) = -1 + w*b + b - 2. Give y(-4).
-7
Let c(d) = -3*d - 14. Let s be (-2)/2*3 - -1. Let o(p) be the third derivative of -7*p**4/24 - 29*p**3/6 + 4*p**2. Let r(b) = s*o(b) + 5*c(b). Determine r(-5).
-7
Let t(z) be the first derivative of 0*z**2 + 0*z - 5/3*z**3 + 2. Give t(-1).
-5
Let t = 4 - 2. Let o be (-1)/t*(-16 + 0). Let k be (1/2)/(o/96). Let j(q) = q**2 - 6*q + 2. What is j(k)?
2
Suppose 4*p + 19 = -5. Let z(v) = -2*v - 3. Give z(p).
9
Let c(h) = h**2 + 5*h - 2. Suppose 0*r = -r - 5. Give c(r).
-2
Let q be (10 + -4)*4/(-6). Let f(m) = 4*m**2 + 5*m - 2. Let z(v) = -5*v**2 - 5*v + 2. Let p(d) = -4*f(d) - 3*z(d). Calculate p(q).
6
Let w(n) = n**3 - 5*n**2 - 5*n - 2. Let o be -8*(6/(-9) + 2/(-24)). What is w(o)?
4
Let b(d) = d - 5. Let k be b(5). Let p(l) = -l**3 + l**2 + l + 6. What is p(k)?
6
Suppose -4*r = -0 - 24. Let b(i) = -i**2 + 6*i + 3. What is b(r)?
3
Let b(n) = -7*n**2 + n - 1. Let w(h) = -h**2. Let m(x) = b(x) - 6*w(x). Determine m(2).
-3
Let a(x) = -40*x**2 + 11*x**3 - 4*x - 5*x + 44*x**2 + 4*x. Let n(h) = -10*h**3 - 3*h**2 + 4*h. Let q(b) = 4*a(b) + 5*n(b). Give q(1).
-5
Let y(k) = -5 - 2*k**2 + 4*k + 4*k**2 - 3*k**2 + 2*k**2. Determine y(-5).
0
Let r(l) be the third derivative of -l**4/24 - 2*l**2. Let x(t) = 4*t + 3. Suppose 0 = -0*n + 3*n + 6. Let f be x(n). Determine r(f).
5
Let m(u) = 2*u**3 - 8*u**2 - 6*u + 17. Let k(w) = 3*w**3 - 12*w**2 - 9*w + 25. Let s(b) = -5*k(b) + 7*m(b). Give s(4).
6
Let s(d) = 3*d**2 + 446*d**3 - 2 + 2*d**2 - 447*d**3 + 4*d. Det